se b + 35 = u. Is u composite?
False
Let h = 8 + -5. Suppose 6*l - l = -3*q + 31, -h*l + 7 = -4*q. Suppose 0*k + q*n - 15 = -k, 3*n - 3 = 0. Is k prime?
True
Let w be (-636)/(-10) + 6/15. Let h = -6 + w. Is h a composite number?
True
Is 2/(4 - 2)*191 prime?
True
Let a be ((-1)/2)/((-2)/4). Let r = a + 1. Let x = r - -45. Is x composite?
False
Suppose 0*f + f = 1. Let a(n) = -22*n**3 - n**2. Let r be a(-1). Is (r/2)/(f/2) a prime number?
False
Let q(o) be the second derivative of o**5/20 - o**4/2 - o**3 - 3*o**2/2 + o. Is q(7) composite?
True
Let o(x) = -3*x**3 - 3*x**2 + 2*x - 2. Let a be o(2). Let i = a + 47. Is i composite?
False
Let q(f) = 2 - 31*f - 3 - 7*f. Suppose -3*x = -0*x + m, -4*m + 10 = 2*x. Is q(x) a prime number?
True
Let v = -562 + 1555. Is v a prime number?
False
Suppose -i - 25 = 5*p - 2*i, 3*i = -3*p - 33. Let l be 2/p + (-1)/(-3). Suppose -5*u + 3*u + 62 = l. Is u prime?
True
Let h = 2121 + -256. Is h a prime number?
False
Let n be 75/2 + 2/(-4). Suppose n = -3*k + 154. Is k prime?
False
Let t be 0*(-2)/6 - -2. Suppose 0 = -2*m - t*m + 12. Is m composite?
False
Let s = 18 - 13. Is 4023/12 - s/20 a prime number?
False
Let t(q) = -41*q + 1. Let j = -4 - 2. Let f(d) = d**2 + 7*d - 2. Let w be f(j). Is t(w) a composite number?
True
Is (-7 - -2)/(-5) + 2044 composite?
True
Suppose -h = 4*d + 12 + 4, -3*h + d - 9 = 0. Let v = -3 - h. Is ((-67)/(-2))/(v/2) a composite number?
False
Let v = 2 - -2. Suppose -4*r + 336 = 4*h + r, -4*h - v*r + 340 = 0. Is h composite?
False
Suppose -4*d + 1789 = -5*c, -4*d + 4*c + 1774 = 2*c. Suppose -136 = -a - 3*g, -3*g + d = 3*a - 5*g. Is a composite?
True
Let g(z) = -z**3 - 10*z**2 + 9*z - 10. Let i be g(-9). Is ((-12)/8)/(2/i) prime?
False
Let s be (6/(-27))/((-2)/18). Suppose -s*v + 3*h = -128, -4*v - h = 2*h - 274. Is v prime?
True
Let d = 24 + 5. Suppose 0 = -2*h + d - 75. Let z = 45 + h. Is z a prime number?
False
Let p(l) = 37*l + 32. Is p(6) prime?
False
Let v be -1 - (4 - (2 + -1)). Suppose r = -5*k - 497, -2*r - 227 = 3*k + 74. Is (v + 0)*k/12 composite?
True
Let y(n) = -8*n**3 + 2*n**2 - 4*n + 6. Let h be y(4). Let x = -119 - h. Is x a composite number?
True
Is (2 - 0)*3475/10 prime?
False
Suppose 0 = -o + 2*o - 2. Suppose 0 = u - 3*u + o. Let i = u + 1. Is i composite?
False
Let o(w) = 40*w**2 - 2*w - 25. Is o(-7) prime?
True
Let v(p) = 86*p**3 + 4*p**2 + 2*p + 5. Let i(h) = -2 + 9*h**2 + h**3 + 3 - 8*h**2. Let f(y) = -6*i(y) + v(y). Is f(1) composite?
False
Suppose 0 = 4*f + 2*i - 10, 3*f - 25 = 5*i + 15. Suppose 2*y + z = 8 + 66, 3*y = f*z + 111. Is y a prime number?
True
Let y(w) = -2*w**2 + w + 6. Let t be y(6). Let u be (11/3)/((-4)/t). Suppose 0 = 5*s + 10, 2*s = -3*v + 4*v - u. Is v prime?
False
Suppose -2002 + 345 = -b. Is b composite?
False
Suppose 4*h = 3 + 5. Suppose -158 = -3*i + r, h*i + 3*r - r = 108. Is i composite?
False
Suppose 3*q + 4*t - 4 = 0, 2*t - 28 = -0*q + 5*q. Let d = 14 + q. Is d composite?
True
Let a(g) = 76*g + 5. Let s be a(4). Suppose -w = 2*w - s. Is w a composite number?
False
Let t = -929 - -1738. Is t prime?
True
Let w = -8 + 6. Is 0 + (w - (3 - 12)) a composite number?
False
Suppose -5*o = -117 - 68. Suppose -3*j - o = 41. Let u = 9 - j. Is u prime?
False
Let y be -26 + (-2 - 1/(-1)). Let v = y - -50. Is v prime?
True
Suppose 2*x - 5*q - 234 = 0, -2*x - 3*q - 64 + 330 = 0. Is (x/4)/((-1)/(-4)) composite?
False
Suppose 2*j - 84 = -j. Let a(d) = 11*d**2 - 2 + j*d**2 - 14*d**2. Is a(3) a composite number?
False
Let t = 6 - -1. Suppose -2*z = -t*z + 260. Suppose -7*f + 3*f + z = 0. Is f composite?
False
Suppose -5*s + 589 + 3966 = 0. Is s a composite number?
False
Suppose -5*r - 1008 + 3248 = 0. Let z be r/6 - (-2)/6. Is 8/44 + z/11 a composite number?
False
Let z = 578 + 939. Is z a composite number?
True
Suppose 3*h - 6 = -3*k - 0*h, -k + 6 = 3*h. Suppose -3*p + k*p = -231. Is p composite?
True
Let i(x) = 2*x**3 + 3*x**2 - 4*x + 2. Suppose 2*y = -2*y + 20. Suppose 0 = -y*o, -3*s - 4*o + 0*o = -6. Is i(s) a prime number?
False
Suppose 5*y - 178 - 272 = 0. Let m = 161 + y. Is m composite?
False
Suppose 5*p - 2*a - 2583 = -4*a, 2*p - 4*a - 1038 = 0. Is p a composite number?
True
Let h(b) = 2*b**2 + b - 1. Let m be h(-2). Let x be (-4 + m)*(-1 - -72). Suppose 0 = 3*y - 1310 + x. Is y prime?
False
Let z(q) be the third derivative of -q**6/120 - 3*q**5/20 + 13*q**3/6 + q**2. Is z(-9) a composite number?
False
Let b be (-2)/(-3)*3*-7. Let c = 9 - b. Is c a composite number?
False
Let a(o) = 0*o + 9*o**2 + 2*o - 14 + 13. Let h = 7 - 5. Is a(h) composite?
True
Is 1/2*(1 - -1) - -1216 a prime number?
True
Is 4/1*(-5898)/(-24) a composite number?
False
Let n(g) = g**3 + 15*g**2 + 24*g - 9. Is n(-10) composite?
False
Suppose 171 = p + 10. Is p prime?
False
Suppose 3*j - 580 = -j - 4*r, -3*j + 440 = -2*r. Is j a prime number?
False
Let i be (1 + 1)*3242/4. Suppose i = 4*n + f, -1042 = -5*n - 4*f + 976. Let c = n - 229. Is c a prime number?
False
Suppose s - 1 - 1 = 0. Suppose 0 = -v - 4, -2*c + s*v = -3 - 13. Suppose 0 = c*h + h - 30. Is h composite?
True
Suppose f - 4*f + 246 = 0. Is f composite?
True
Suppose 5*c - 32 = 3. Let a(p) = p - 2. Let l be a(c). Suppose -l*h + 23 = -3*h - 5*v, -4*v - 12 = 0. Is h composite?
True
Suppose -i + 0*i = -8. Suppose -4*v = u + 34, -u = -5*u + i. Is 3/v - 58/(-3) prime?
True
Let w = 15 + 44. Is w a prime number?
True
Let c(w) be the third derivative of -w**5/60 + w**4/3 - 2*w**3/3 - 3*w**2. Is c(3) a composite number?
False
Let r = -5 + 5. Let z(c) = -c + 55. Is z(r) a prime number?
False
Let r(x) = -x**3 + 7*x**2 - 5*x - 2. Let z(t) = -t + 12. Let f be z(6). Let g be r(f). Suppose 14 = g*o - 3*o. Is o a prime number?
False
Let d(n) = n**2 + 7*n + 1. Let v be d(-8). Let q = 55 - v. Is q a composite number?
True
Let g(d) = 10*d - 3. Let p(k) = 39*k - 13. Let i(f) = -9*g(f) + 2*p(f). Is i(-1) composite?
False
Let b = -1 + -8. Let n = 1 - b. Is n composite?
True
Let r(o) = o - 1. Let f(p) = p + 11. Let h(l) = -f(l) - 6*r(l). Suppose 14 + 10 = -4*s. Is h(s) a prime number?
True
Is (-1440)/(-8) - 1*3 a composite number?
True
Let v = 21 - -12. Suppose -2*h = -3*w + 11 + v, -4*w + 61 = -5*h. Is w a composite number?
True
Let s(n) = -n**3 - 5*n**2 - n - 5. Let d be s(-5). Suppose -o - 3*g - 16 = -4, d = 4*o + 4*g + 24. Let t(z) = -4*z - 2. Is t(o) a composite number?
True
Let l be 623/2 + (-9)/18. Suppose -4*v = -l - 269. Is v a composite number?
True
Suppose -r = 3*b - 89, r - 112 = 2*b - 43. Suppose -i = -2*i + r. Is i a composite number?
True
Let r = 11 - 11. Is 200 + 5 + -2 + r a composite number?
True
Let v(u) = 2*u**3 - 12*u**2 - 2*u + 5. Is v(7) prime?
True
Let p = 907 + 8626. Is p composite?
False
Is ((-60)/(-25))/(4/10) prime?
False
Let s = 4 + 0. Suppose -4*c = -s - 56. Is c a composite number?
True
Let x(p) = p**3 - 3*p**2 - p - 5. Let i be x(4). Let b = 200 - -12. Suppose i*h - b = 3*h. Is h composite?
False
Is -1213*(4 - 5)*(1 + 4) composite?
True
Suppose -c + 4*c = 0. Suppose c = -7*j + 4*j + 39. Is j composite?
False
Suppose 20 = 3*t - 7. Is t - 1/((-3)/6) composite?
False
Let h(n) = n**3 - 2*n**2 - 6*n + 8. Is h(7) a prime number?
True
Let g(s) = -10*s + 1. Let l be g(5). Let h = l + 70. Is h a prime number?
False
Suppose 0 = 9*v - 7*v - 30. Suppose 0 = 5*n - v, -4*b + 309 = 2*n - 293. Is b a prime number?
True
Let p = 153 - 87. Suppose -2*i - k = -p, -3*i + 5*k + 33 = -2*i. Is i prime?
False
Suppose 6 = -3*u + 15. Suppose -4*s + 172 + 46 = y, 116 = 2*s - u*y. Is s prime?
False
Let x be (-1212)/9 + (-1)/3. Let j = -296 - x. Is 2/(-3) - j/3 a composite number?
False
Let m(u) = -u**3 - 6*u**2 - 2*u - 5. Let p = -13 - -7. Is m(p) prime?
True
Suppose 36*u = 34*u + 142. Is u a prime number?
True
Suppose -3*w + 2*f = -0*f + 22, w = 4*f - 24. Let d = 289 - w. Is d a composite number?
False
Let q = 160 - 113. Is q composite?
False
Is 381/(-6)*2/(-1) a composite number?
False
Suppose -5*a - 22 = 18. Let t(v) = v**2 + 3*v + 4. Let d be t(-3). Is d/(-16) + (-58)/a prime?
True
Let x(z) = -z**2 - 11*z - 11. Let y(c) = c**2 - 7*c. Let h be y(6). Let i = -3 + h. Is x(i) composite?
False
Suppose 2*j - 951 = 581. Is j a prime number?
False
Let v = -4 - -4. Suppose v = 3*l - 261 + 54. Let g = 136 - l. Is g composite?
False
Let p = 4158